
37602
What is -331620611 (base 7) in base 13?
-41ab1b9
What is 12102121233 (base 4) in base 16?
19266f
11001100000110 (base 2) to base 15
3d0c
What is 31aa2 (base 15) in base 10?
157652
What is 2767705 (base 10) in base 3?
12012121120121
Convert 122152445 (base 6) to base 10.
2347661
What is -1100111011011011101 (base 2) in base 7?
-3413055
-22221211100 (base 3) to base 8
-530244
What is 232415 (base 6) in base 9?
30422
What is 2874149 (base 10) in base 8?
12755445
What is -201212211202002 (base 3) in base 11?
-5a67992
Convert -c2e4 (base 16) to base 4.
-30023210
Convert -57922 (base 11) to base 15.
-19baa
What is 52b41 (base 14) in base 7?
1461311
What is -24a7930 (base 11) in base 3?
-22011201002101
31345020 (base 6) to base 12
382170
What is -4599c (base 13) in base 9?
-213036
What is 1331949 (base 10) in base 5?
320110244
Convert -345d9 (base 14) to base 4.
-133012203
1e2c80 (base 15) to base 12
5b3193
-1133111302 (base 5) to base 12
-a69474
Convert 42314020 (base 5) to base 11.
222185
What is 10001100011100000000111 (base 2) in base 5?
2134224423
What is cc30d (base 16) in base 7?
10052245
Convert -647634 (base 8) to base 4.
-310332130
What is -273ab57 (base 12) in base 10?
-7794931
What is 362062 (base 8) in base 10?
123954
What is -760a5a (base 12) in base 6?
-104010554
Convert -1020222103 (base 5) to base 13.
-59186c
-33464154 (base 7) to base 16
-2c5a2e
What is -13010 (base 9) in base 11?
-6641
What is -44563 (base 14) in base 3?
-22102022022
What is -2773476 (base 9) in base 12?
-616450
1315312304 (base 6) to base 7
250031122
What is -350315 (base 7) in base 8?
-172171
-101200210010 (base 3) to base 6
-4302350
-132430402 (base 5) to base 3
-1021002001202
30565 (base 9) to base 8
47263
57e11 (base 15) to base 4
1010111230
Convert -4268450 (base 11) to base 13.
-172b149
Convert -21a48a8 (base 11) to base 3.
-21020221210121
Convert 111002210000 (base 3) to base 6.
5310000
What is -102412 (base 5) in base 9?
-4688
Convert 12121020 (base 6) to base 10.
383844
-100010110010010010 (base 2) to base 12
-6a556
-708158 (base 12) to base 14
-339c68
102201101222221 (base 3) to base 15
83044a
Convert -1010111101111111111 (base 2) to base 9.
-607028
What is 37434a (base 15) in base 7?
31332313
What is -2ccba (base 16) in base 9?
-308618
What is -37980 (base 12) in base 8?
-223660
What is -551832 (base 10) in base 4?
-2012232120
10010000000 (base 3) to base 11
4200a
-11087671 (base 9) to base 5
-2333410201
Convert -115752 (base 11) to base 6.
-3532215
Convert -48548 (base 12) to base 3.
-11221210202
Convert -175bb8 (base 13) to base 14.
-112c99
Convert -1500031 (base 6) to base 9.
-140321
-60535 (base 10) to base 3
-10002001001
Convert 5110223 (base 7) to base 10.
607568
Convert -d64856 (base 15) to base 13.
-215a7a7
What is -22ea50 (base 15) in base 11?
-a40416
Convert 100021110122000 (base 3) to base 16.
4b39a5
2047a (base 15) to base 10
102265
Convert -143313411 (base 7) to base 3.
-122210220212200
-3accab (base 15) to base 16
-2b25d8
What is 25136223 (base 7) in base 4?
20220020022
What is -1872505 (base 12) in base 9?
-10572455
1222121110101 (base 3) to base 6
34341101
Convert -41807 (base 10) to base 16.
-a34f
What is -33213032011 (base 4) in base 7?
-46534243
Convert -2022200021220 (base 3) to base 12.
-4b5b29
-2346913 (base 11) to base 9
-7628728
Convert 418a2 (base 11) to base 9.
102570
6554545 (base 8) to base 4
12231211211
What is 33a4e (base 16) in base 9?
352147
What is 101200101101 (base 3) in base 6?
4301144
What is -133201130 (base 4) in base 12?
-62878
What is -6574a5 (base 16) in base 2?
-11001010111010010100101
Convert 93938 (base 11) to base 10.
136892
-11222121221002 (base 3) to base 10
-2649863
111202002110022 (base 3) to base 14
d81c35
Convert 1298195 (base 10) to base 11.
807398
16d6239 (base 14) to base 6
1041340511
b3005 (base 15) to base 6
20053005
-10211011120 (base 3) to base 9
-124146
45b85f (base 16) to base 9
8533660
Convert 40a36 (base 12) to base 5.
10200201
Convert -1000110001101011 (base 2) to base 16.
-8c6b
121424004 (base 5) to base 2
10001100110011110010
110201210010102 (base 3) to base 11
3901999
Convert 2080125 (base 11) to base 6.
210242142
Convert -3065451 (base 7) to base 13.
-cc129
6507c (base 13) to base 2
101100100010110110
What is -2464521 (base 9) in base 3?
-2112011120201
Convert -2c020b (base 14) to base 7.
-16031114
What is -3256212 (base 7) in base 15?
-7db06
Convert -1223782 (base 9) to base 10.
-665489
What is -178903 (base 13) in base 15?
-b9d9a
Convert 112c358 (base 13) to base 5.
2323012133
What is 538873 (base 9) in base 13?
b342a
What is 1525554 (base 9) in base 16?
ce083
Convert -1065000 (base 8) to base 7.
-2313245
Convert 65145405 (base 8) to base 3.
222020111202220
20310133131 (base 4) to base 11
133a181
What is 562855 (base 9) in base 16?
5237f
1425404 (base 6) to base 12
3b264
Convert -200122120011101 (base 3) to base 11.
-565a808
Convert -3000122133 (base 4) to base 10.
-788127
Convert 2531450 (base 11) to base 15.
5bbe9a
2997678 (base 11) to base 12
1877412
Convert -13222 (base 8) to base 15.
-1aa3
Convert 200200004 (base 6) to base 2.
1100110111111011000100
What is 84372 (base 10) in base 3?
11021201220
What is 4746623 (base 10) in base 2?
10010000110110101111111
-790789 (base 10) to base 5
-200301124
24666 (base 13) to base 15
14cc3
Convert 241862 (base 12) to base 5.
122133222
-100000100111100 (base 2) to base 3
-211220112
Convert -90daa (base 15) to base 8.
-1577726
Convert 11303104 (base 5) to base 10.
103529
Convert 22311011131 (base 4) to base 9.
5306177
Convert -17587 (base 14) to base 12.
-29b97
Convert -341304301 (base 5) to base 9.
-2751233
20222210122201 (base 3) to base 11
2109036
Convert -247c13 (base 13) to base 10.
-874253
What is 120212100001 (base 3) in base 4?
1030033000
Convert 13561582 (base 10) to base 7.
223162066
What is 4121306 (base 8) in base 15?
168081
Convert -2140333304 (base 5) to base 14.
-8840d1
What is 22424141 (base 5) in base 7?
1500220
What is 324824 (base 11) in base 14?
d709b
Convert 2004422233 (base 5) to base 9.
7440353
What is 120100120200 (base 3) in base 8?
1116225
201011302 (base 4) to base 2
100001000101110010
1fc7bb (base 16) to base 6
112350203
101010111001110111000000 (base 2) to base 3
210011102001001
-216065056 (base 7) to base 9
-26537721
Convert 1638a45 (base 11) to base 8.
12520341
Convert 44bc31 (base 15) to base 14.
615407
-10000200012 (base 3) to base 7
-335405
What is -1100020220212 (base 3) in base 6?
-23143505
Convert -aa6e (base 15) to base 3.
-1211112012
258136 (base 9) to base 6
3210053
What is 22e18f (base 16) in base 13?
620658
Convert -2104212 (base 10) to base 7.
-23612505
Convert b436 (base 12) to base 3.
222220220
What is 169558 (base 14) in base 13?
21a588
What is -111010111101000100 (base 2) in base 10?
-241476
-2966067 (base 10) to base 7
-34132266
Convert 120200210011 (base 3) to base 8.
1133312
What is ca1662 (base 15) in base 10?
9623567
-16727241 (base 10) to base 15
-1706346
What is 35301414 (base 6) in base 14?
2079bc
What is -1b210d (base 14) in base 5?
-221403342
What is 101101111001001100 (base 2) in base 8?
557114
Convert -24364324 (base 7) to base 4.
-20111031232
Convert -12123443433 (base 5) to base 14.
-1c7a6bc
Convert 332103020 (base 4) to base 11.
164799
Convert -1264712 (base 9) to base 8.
-2510257
What is -9bab45 (base 15) in base 6?
-423110432
-121004242 (base 6) to base 3
-11022012022122
Convert -1b4de (base 16) to base 4.
-123103132
d37dc (base 15) to base 4
2203211100
Convert 93a702 (base 12) to base 2.
1000110110011001110010
What is 100012200210 (base 3) in base 6?
3515203
Convert 423 (base 9) to base 8.
531
What is -311334103 (base 6) in base 10?
-5393559
Convert 102123312 (base 4) to base 3.
10211120200
What is 2011001120201 (base 3) in base 10?
1142767
What is 232054 (base 7) in base 6?
520154
What is 14422143 (base 5) in base 16?
25c31
Convert -2556306 (base 10) to base 3.
-11210212121000
Convert 44402231 (base 6) to base 7.
14241601
Convert 5257768 (base 10) to base 16.
503a28
What is 2195a02 (base 11) in base 5?
1441000214
Convert -6b0e6 (base 16) to base 10.
-438502
What is -1336a92 (base 14) in base 15?
-c33a3d
-248219 (base 12) to base 13
-17a924
12333121 (base 5) to base 8
3